{"id":12280,"date":"2024-05-02T20:09:49","date_gmt":"2024-05-02T20:09:49","guid":{"rendered":"https:\/\/aiia.al\/?post_type=product&#038;p=12280"},"modified":"2026-01-19T22:29:46","modified_gmt":"2026-01-19T22:29:46","slug":"paketa-studente","status":"publish","type":"product","link":"https:\/\/aiia.al\/index.php\/product\/paketa-studente\/","title":{"rendered":"Paketa Student\u00eb"},"content":{"rendered":"","protected":false},"excerpt":{"rendered":"<ul>\n<li>Akses n\u00eb seksionin e an\u00ebtar\u00ebve n\u00eb website <a href=\"http:\/\/www.globaliia.org\">globaliia.org<\/a><\/li>\n<li>Akses n\u00eb librarin\u00eb online t\u00eb IIA dhe mund\u00ebsin\u00eb p\u00ebr t\u00eb shkarkuar materiali studimi n\u00eb fush\u00ebn e auditimit t\u00eb brendsh\u00ebm<\/li>\n<li>10% ulje \u00e7mimi p\u00ebr pjes\u00ebmarrjen n\u00eb trajnimet e ndryshme organizuar nga AIIA<\/li>\n<li>Seksione trajnimi falas online <a href=\"https:\/\/global.theiia.org\/edu-events\/Pages\/Web-Events.aspx\">https:\/\/global.theiia.org\/edu-events\/Pages\/Web-Events.aspx<\/a><\/li>\n<li>Newsletter mbi t\u00eb rejat mbi fush\u00ebn e auditimit;<\/li>\n<li>Pjes\u00ebmarrje n\u00eb aktivitet e zhvilluara nga AIIA;<\/li>\n<li>Suport n\u00eb ndjekjen e programeve t\u00eb certifikimeve.<\/li>\n<\/ul>\n","protected":false},"featured_media":12296,"template":"","meta":{"pmpro_default_level":"","_themeisle_gutenberg_block_has_review":false},"product_cat":[64],"product_tag":[],"_links":{"self":[{"href":"https:\/\/aiia.al\/index.php\/wp-json\/wp\/v2\/product\/12280"}],"collection":[{"href":"https:\/\/aiia.al\/index.php\/wp-json\/wp\/v2\/product"}],"about":[{"href":"https:\/\/aiia.al\/index.php\/wp-json\/wp\/v2\/types\/product"}],"wp:featuredmedia":[{"embeddable":true,"href":"https:\/\/aiia.al\/index.php\/wp-json\/wp\/v2\/media\/12296"}],"wp:attachment":[{"href":"https:\/\/aiia.al\/index.php\/wp-json\/wp\/v2\/media?parent=12280"}],"wp:term":[{"taxonomy":"product_cat","embeddable":true,"href":"https:\/\/aiia.al\/index.php\/wp-json\/wp\/v2\/product_cat?post=12280"},{"taxonomy":"product_tag","embeddable":true,"href":"https:\/\/aiia.al\/index.php\/wp-json\/wp\/v2\/product_tag?post=12280"}],"curies":[{"name":"wp","href":"https:\/\/api.w.org\/{rel}","templated":true}]}}